by 88/(-3)*15/(-10)?
41
Suppose 0 = -3*i - 2*i + 30. Let w(r) = -r**3 - 4*r**2 + 5*r - 3. Let j be w(-4). Let q = j - -33. What is the remainder when q is divided by i?
4
Suppose -79 + 13 = -6*x. Let b = -7 + 11. Calculate the remainder when x is divided by b.
3
Let t be ((-4)/(-3))/((-8)/12). Let q(f) = -f. Calculate the remainder when q(t) is divided by 1.
0
Let i(m) = -17*m - 21. Calculate the remainder when 23 is divided by i(-2).
10
Suppose -52 = -4*m + 80. Suppose -5*x = k - m, 3*k = -0*k + 3*x + 27. What is the remainder when 51 is divided by k?
12
Let k(f) = f**3 + 5*f**2 + 4*f - 4. Let m be k(-4). What is the remainder when 17 is divided by (-1)/m + (-70)/(-8)?
8
Suppose 0*d = -d + 3, 3*k - 2*d - 48 = 0. Let i = -11 + 18. What is the remainder when k is divided by i?
4
Suppose 0 = -5*d + 11 + 9. Calculate the remainder when 6 is divided by d.
2
What is the remainder when (-2)/(-14)*-2 - 6408/(-84) is divided by 22?
10
Let b(f) = -f**2 + 11*f - 4. Calculate the remainder when b(5) is divided by 9.
8
Let t be (-497)/21 + (-1)/3. What is the remainder when (-286)/(-8) - 6/t is divided by 13?
10
Suppose g + 2 = -3. Let o = 10 + g. Calculate the remainder when 14 is divided by o.
4
Let a be ((-16)/(-8))/(4/10). Suppose a*m = 305 + 35. Suppose -2*z - 2*z + m = 0. Calculate the remainder when 32 is divided by z.
15
Suppose -5*n = 25, -227 = -3*m + 4*n - 69. Calculate the remainder when m is divided by 24.
22
Let w(j) = 2*j**2 - 7*j - 1. Suppose 0 = 2*r - r - 8. Calculate the remainder when w(5) is divided by r.
6
Suppose 3*v = -3*v + 54. What is the remainder when 26 is divided by v?
8
Let d(s) = -24*s - 3. Let y be d(-2). Let c(h) = -2*h + 7. Let z be c(17). Let k = z + y. What is the remainder when 53 is divided by k?
17
Suppose 5*p - 8 = -n - 0*p, 2*p = -4*n + 86. What is the remainder when n is divided by 7?
2
Let c = -4 + 8. Suppose 0*k = -4*k + 16. What is the remainder when -7*(-3 + k - 2) is divided by c?
3
Let q be (-17)/3 - 1/3. Suppose 7*y - 45 = 4*y. Let h = q + y. What is the remainder when h is divided by 5?
4
Suppose -m - 2*m - 2*b + 180 = 0, -15 = -5*b. Calculate the remainder when m is divided by 15.
13
Let d = 51 - 34. Suppose -46 = -5*k + 24. Suppose 5*r - 16 = k. Calculate the remainder when d is divided by r.
5
Let b(x) = x**2 + 3*x + 2. Let v be b(-3). Suppose -4*r + 3*j = -j - 52, 0 = -v*r - 5*j + 26. Calculate the remainder when r is divided by 8.
5
Suppose v + 2 = -2*u, -4*u + 7 + 1 = 5*v. Suppose v*s - 2*a - 176 = 0, 4*s - 150 = s - 3*a. Calculate the remainder when s is divided by 16.
14
Suppose -2*q + 26 = 4. What is the remainder when (64/6)/(1/3) is divided by q?
10
What is the remainder when 378/(-12)*(-2 + 0 + -4) is divided by 48?
45
Suppose 3*c - 2*x = 2*c - 4, -x = 5*c - 13. Suppose c*m + 1 = -n + 18, -n = -3*m + 13. What is the remainder when m is divided by 2?
0
Suppose 136 = -8*p + 12*p. What is the remainder when 63 is divided by p?
29
Suppose -4*h + 26 = -30. Let s(j) = -8*j. Suppose -2*f = a - 2*a - 9, -4*a = 4*f + 12. Calculate the remainder when s(a) is divided by h.
12
Let q(l) = -l - 2. Let v = 32 + -20. Let y = v + 10. Calculate the remainder when y is divided by q(-14).
10
What is the remainder when 39 is divided by ((-45)/(-12))/(1/4)?
9
Suppose -a - 4*l + 1 = 17, l + 25 = 5*a. Suppose o - 2*j = -1, 17 = 4*o - 3*o + a*j. Suppose o*m = 5 + 25. Calculate the remainder when 16 is divided by m.
4
Let m = 28 + 7. Let t = m + -15. Let w(g) = 4*g**2 + 2*g - 1. What is the remainder when t is divided by w(-2)?
9
Suppose -106 = -2*p - 4*x, 2*p - 4*x = 5 + 61. What is the remainder when 168 is divided by p?
39
Let k(c) = -c**2 - 11*c + 1. Let m be k(-9). Let n = m - 9. Calculate the remainder when 28 is divided by n.
8
What is the remainder when -2 + -2 + (9 - 5) + 32 is divided by 19?
13
Suppose -2*x + h + 2*h + 243 = 0, 2*x - h - 245 = 0. Suppose -5*b + 12 + x = 0. Let r(i) = -i**2 + 14. Calculate the remainder when b is divided by r(0).
13
Let a(m) = -m**3 + 2*m. Let k be a(2). What is the remainder when 9 is divided by (-17)/k - (-2)/(-8)?
1
Let b(m) = 16*m**2 + m + 2. What is the remainder when 65 is divided by b(-1)?
14
Suppose -6*r = -r - 80. Let b be (r/12)/((-2)/(-15)). Suppose 2*n - 4*z - 4 = b, -4*n = z - 10. Calculate the remainder when 8 is divided by n.
2
Let g(y) = 7*y**3 + y**2 - y. Let n be 9/(-6)*(-2)/3. Calculate the remainder when g(n) is divided by 4.
3
Suppose 0*k = -3*k + 30. Let s = 48 + k. What is the remainder when s is divided by 20?
18
Let x(f) = f**3 + f**2 - f + 4. Let j be x(0). Let d(g) = -g**3 + 6*g**2 - 5*g - 4. What is the remainder when 15 is divided by d(j)?
7
Let t be (-3)/(36/(-10) - -3). Suppose 0 = -w + z + 7 - 0, -w - t*z - 5 = 0. What is the remainder when w is divided by 2?
1
Let f = -64 - -98. Calculate the remainder when f is divided by 12.
10
Suppose l - 7 = -3*q - 2, 4*q + 3*l = 15. Suppose r + 2*r - 54 = q. Calculate the remainder when r is divided by 10.
8
Suppose 5*j = -10*j + 1440. What is the remainder when j is divided by 33?
30
Let o = 5 + 13. Calculate the remainder when o is divided by 10.
8
Let b(u) = -u**3 - 7*u**2 - 7*u - 2. Let v be (-4)/(-8) - 3/(-2). Suppose 0 - 4 = -v*l. Calculate the remainder when b(-6) is divided by l.
0
Suppose 0*y = y - 3. Let p be (-2 - 5/(-2))*72. Suppose j = -y*j + p. Calculate the remainder when 16 is divided by j.
7
Let o(y) = -y - 2. Let m be o(-8). Let l(q) = 2*q - 4. Calculate the remainder when 23 is divided by l(m).
7
Let i(a) be the second derivative of -a**3/2 + a**2/2 - 7*a. What is the remainder when 47 is divided by i(-5)?
15
Suppose -n = -1, s + 1 = -4*n + 35. Calculate the remainder when 116 is divided by s.
26
Suppose 4*c = 3*l + 2*c - 16, -5*c = -2*l + 29. What is the remainder when l is divided by 1?
0
Suppose 5*c - 4*s + 75 = 344, -4*c + 211 = s. Calculate the remainder when c is divided by 14.
11
Let j = -1 - -2. Suppose v = -1 - j. Calculate the remainder when -5*(1 - 4) - v is divided by 6.
5
Let y = 148 + -58. Calculate the remainder when y is divided by 19.
14
Suppose 3*u - 126 + 15 = 0. Suppose -2*j + u = 5. Calculate the remainder when 29 is divided by j.
13
Let z(x) be the first derivative of 0*x - 1 + 0*x**2 + 10/3*x**3. What is the remainder when z(1) is divided by 4?
2
Suppose -x - 45 = -2*r, 84 = 2*r + r + 4*x. Calculate the remainder when 71 is divided by r.
23
Suppose 4 = 5*b - 16. Let q be 2 - ((-1 - 1) + 11). Let r(l) = -l**3 - 8*l**2 - 9*l - 4. Calculate the remainder when r(q) is divided by b.
2
What is the remainder when 43 is divided by (5/(-2))/((-4)/24)?
13
Let x(y) = -2*y**3 - y**2 + y + 18. What is the remainder when x(-4) is divided by 33?
27
Let p(m) = m**3 + 4*m**2 + 3*m + 1. Let a be p(-2). Suppose -a*k = -2*k - 22. What is the remainder when k is divided by 6?
4
Suppose j - 7 = 116. Calculate the remainder when j is divided by 42.
39
Let d(t) = -t**2 - 14*t + 7. Calculate the remainder when d(-6) is divided by 20.
15
Suppose 2*x - 20 = -50. Let q = 85 - 50. Let u = q + x. What is the remainder when u is divided by 7?
6
Suppose -3*i + 2*i = -19. What is the remainder when i is divided by 3/(-9) + (-31)/(-3)?
9
Let g = -30 + 52. Let t = g + -13. What is the remainder when t is divided by 5?
4
Calculate the remainder when 26 is divided by (-2 - -1)/(2/((-16)/2)).
2
Let g be ((-176)/(-10))/(6/30). Let n = g - 30. What is the remainder when n is divided by 15?
13
Suppose z - 14 = -z + k, 4*z - 4*k - 36 = 0. Suppose 0*o - z*o + 90 = 0. Let u(h) = h**3 + 6*h**2 - 6*h - 3. What is the remainder when u(-5) is divided by o?
16
Let c(s) = s**3 + 6*s**2 - 6*s + 9. Let t be c(-7). Let p = t + 36. What is the remainder when p is divided by 20?
18
Let n(y) be the second derivative of -5*y**3/6 + y**2/2 - y. Calculate the remainder when 30 is divided by n(-2).
8
Suppose -z + 7 = 1. Let c be 0 + (-12)/2*-15. Suppose z*s - c = s. Calculate the remainder when s is divided by 5.
3
What is the remainder when (532/(-8))/(2/(-4)) is divided by 34?
31
Let a be (-4)/(-6)*6*1. Calculate the remainder when (23 - 4) + (a - 3) is divided by 7.
6
Calculate the remainder when 96 + 0 + -3 + 1 is divided by 24.
22
Let z = 17 - 3. Let q be (-2)/8 - (-246)/24. What is the remainder when z is divided 